t is the remainder when a is divided by 35?
33
Let d = 16 - 10. Suppose -8*h + d = -6*h. What is the remainder when (1*10)/(-1 - -2) is divided by h?
1
Suppose 0 = -s + 3*u - 5*u + 17, -61 = -5*s + 2*u. Calculate the remainder when 47 is divided by s.
8
Suppose -5 = -2*b + 7. What is the remainder when 117 is divided by b?
3
Suppose 6*o = -14*o + 1540. Calculate the remainder when 152 is divided by o.
75
Let h(l) = 11*l**2 + 4*l - 3. Let k be h(1). Calculate the remainder when 7 is divided by (4/8)/(2/k).
1
Let r = -488 + 575. What is the remainder when r is divided by 15?
12
What is the remainder when 306 is divided by (-1122)/68*8/(-3)?
42
Let w(y) = -6*y + 4*y**2 + 1 - y**2 - 3 - y**3 + 3*y. Let v be w(3). Let a = 14 + v. Calculate the remainder when a is divided by 1.
0
Let c = 41 - 35. Suppose 0 = -d + 4*s + 27, 11*s = -2*d + 7*s - c. What is the remainder when 17 is divided by d?
3
Let h be (84/(-10))/(4/(-20)). Suppose -2*t + 32 = -0*t. What is the remainder when h - 2/(6/(-9)) is divided by t?
13
Let u = -529 - -819. Calculate the remainder when u is divided by 73.
71
Let b be -3 + 2 + (2 - -2). Calculate the remainder when 89 is divided by ((-2)/b)/((-4)/60).
9
Let g(h) = -3*h + 6. Calculate the remainder when 62 is divided by g(-1).
8
Suppose -d - 5*g = -86, 472 = 5*d + 15*g - 11*g. Calculate the remainder when d is divided by 51.
45
Suppose 22 = 2*z - 0*z. What is the remainder when 33 is divided by 4 + 3 + z - 0?
15
Let i = 1178 + -1128. What is the remainder when 228 is divided by i?
28
Calculate the remainder when 1/12*-8*996/(-1) is divided by 29.
26
Let c(k) = -k**3 - 4*k**2 + 2*k - 2. Let y be c(-4). Let o = y + 22. What is the remainder when (-69 - -7)*-1 + (-7 - -4) is divided by o?
11
Let x = 38 - 40. Let y be (0 - x)*620/(-8). Calculate the remainder when 6 is divided by y/(-55) + (-4)/(-22).
0
Let g = 50 + -15. What is the remainder when 41 is divided by g?
6
Suppose -7 = -h - 5*s + 24, -h = s - 39. What is the remainder when 69 is divided by h?
28
Let d = -11 + 26. What is the remainder when 16 is divided by d?
1
Let i = 105 + -91. Suppose -3*j - 23 = -4*j - s, 0 = -j - 4*s + 14. What is the remainder when j is divided by i?
12
Let d(h) = h**3 - 5*h**2 - 5*h + 16. Let v(n) = n**3 - 6*n**2 - 5*n + 15. Let b(l) = -4*d(l) + 5*v(l). What is the remainder when b(11) is divided by 20?
17
Calculate the remainder when (885/5)/(2/(-8)*-6) is divided by 32.
22
Suppose -7*r = -3*r - 20. Suppose 0 = -5*f - 22 - 3, r*d - 5*f = 35. Suppose d*z = 52 - 18. Calculate the remainder when 82 is divided by z.
14
Let w(h) = -h**2 + 7*h + 10. Let f be w(8). Let m(u) = -4*u. What is the remainder when m(-12) is divided by (-3 + f)/((-3)/39)?
9
Suppose 3 + 1 = 2*o, 14 = 2*k + 2*o. Calculate the remainder when 54 is divided by k.
4
Suppose f - 9 + 80 = 3*o, -25 = -o + f. What is the remainder when 74 is divided by o?
5
Suppose 8 = s - 4. Let v be (0 - 4) + 3 + (-40)/(-1). Suppose 9*z - 102 = -v. What is the remainder when s is divided by z?
5
Calculate the remainder when ((-30)/7)/(((-8)/(-28))/(-2)) is divided by 19.
11
Let l = -41 + 52. What is the remainder when 17 is divided by l/2 + (-24)/(-16)?
3
Let b(q) = -q**3 + 19*q**2 - 79*q + 8. Calculate the remainder when b(12) is divided by 36.
32
Let k(z) = 4*z - 7. Suppose 15 = -4*t - 9. Calculate the remainder when k(5) is divided by ((-135)/t)/(-9)*-2.
3
Suppose 34*j - 1173 = -255. Calculate the remainder when 52 is divided by j.
25
Suppose 4*i + 20 = -2*h + 54, -h + 2*i = -17. Calculate the remainder when 68 + (-1 - 0/(-3)) is divided by h.
16
Suppose 140 = -0*t + 10*t. Suppose 5*w - 3*b - 257 = 0, -4*w - 4*b + 56 = -3*w. What is the remainder when w is divided by t?
10
Let i(v) = -2*v**2 + 23*v + 17. Calculate the remainder when -4 - (-1 + -2) - -93 is divided by i(10).
45
What is the remainder when 466 is divided by 64/(-480) + ((-1088)/(-15))/4?
16
Let i(g) = -g**2 + 15*g + 65. Calculate the remainder when 155 is divided by i(14).
76
Let m(r) = 2*r**3 + 32*r**2 + r + 19. Calculate the remainder when ((-25)/(-2))/(-5)*-4 is divided by m(-16).
1
Suppose 19*b = 45*b - 12142. Calculate the remainder when b is divided by 9.
8
Let o(u) = -u**3 - 10*u**2 + 5. Let x be o(-10). Calculate the remainder when 77 is divided by (-10)/(4/(-24)*(x + -2)).
17
Let l(x) = 12*x**3 - 3*x**2. Let q = 34 + -32. Let w be l(q). Suppose -4*r - 47 + 136 = -b, 3*r = -5*b + w. Calculate the remainder when 64 is divided by r.
18
Suppose 3*l - 94 = 2*v, -8 = 2*v + 2*v. What is the remainder when 87 is divided by l?
27
Let s = -1 + 5. Suppose 4*j + s = 5*j. Suppose h - j = -2. Calculate the remainder when h is divided by 1.
0
Suppose 0 = -k - 11 + 36. What is the remainder when -22*(33/(-22))/((-1)/(-3)) is divided by k?
24
Let s(k) = -k - 6. Let b be s(-5). Let x(j) = 2*j**2 + 1. Let v be x(b). Suppose -6*d + 93 = -v*d. What is the remainder when 90 is divided by d?
28
Let n(z) = -z + 18. What is the remainder when 272/(-10)*(-40)/(-64)*-4 is divided by n(0)?
14
Suppose 48 = -9*z + 7*z. Let v be 255/11 + z/132. Suppose -3*i = -5*n - v, -i = -0*i - 2*n - 9. What is the remainder when 1 is divided by i?
0
Suppose -408 = -4*z + 4*p, -8*z - p + 486 = -3*z. What is the remainder when z is divided by 25?
23
Suppose 4 = 2*j - 4. Suppose 8 = j*s + 5*v, -2*v = -3*s - 7*v + 11. What is the remainder when 57 is divided by (-12)/27*s*15?
17
Suppose 8*c - 9*c = -249. Suppose -8*n + c + 303 = 0. Calculate the remainder when n is divided by 18.
15
Suppose -5*o - 3*r + 53 + 94 = 0, 0 = 4*o + 6*r - 132. Calculate the remainder when 107 is divided by o.
26
Let t(b) = 5*b + 51. Let a(i) = 3*i - 4 + 5*i - 5*i. Calculate the remainder when t(-7) is divided by a(3).
1
Suppose 4*l - 53 = 251. Let m = l - 64. What is the remainder when 71 is divided by m?
11
Suppose 3*r + 3*m - 207 = 0, 2*r - 7*r + 327 = -m. Suppose 70 = 4*i - r. What is the remainder when 135 is divided by i?
33
Let h be (2/(-6) - 0)/(2/6). What is the remainder when 12 is divided by 2/(h/(14/(-4)))?
5
Let w be 603/(-15) + -5 + (-2)/(-10). Calculate the remainder when 2 is divided by ((-125)/w + -3)*-9.
0
Suppose 0 = 2*d - 7*d + w + 97, 2*w + 23 = d. Let h = 10 - d. Let g = h - -48. What is the remainder when g is divided by 21?
18
Suppose -4*u + 5*g + 137 - 29 = 0, -4*u - 2*g = -80. Calculate the remainder when 43 is divided by u.
21
Suppose -6*y + 8*y = 52. What is the remainder when 44 is divided by y?
18
Let r(u) = -8*u + 127. What is the remainder when 44 + 0 + (1 - 2) is divided by r(14)?
13
Let q be -3 + -3 + 7 + 2. Suppose 3*x = q*f + 21, -4*x = -f + 2*f - 28. Calculate the remainder when 13 is divided by x.
6
Let l = -22 + 21. Suppose 4*s - 167 = -55. Calculate the remainder when s is divided by 2/(2/(-11))*l.
6
Let y = -320 - -325. Let b(q) = q**3 - q**2 + q + 12. What is the remainder when b(0) is divided by y?
2
Suppose 243*w + 5*g - 55 = 242*w, 5*w - 344 = -2*g. Suppose 4*k = 3*c + 51, 3*c + 63 = 2*k + 3*k. Calculate the remainder when w is divided by k.
10
Suppose -25*h + 70 = -11*h. What is the remainder when 9 - -1*(1 - 2) is divided by h?
3
Suppose 766 + 854 = 9*d. Calculate the remainder when d is divided by 26.
24
Suppose 5*s - 40 = -5*u, 3*u - 8 = 2*s - u. Let o be s*(-1 - 0) - -3. Calculate the remainder when 40 is divided by (3/9)/(o/(-42)).
12
Suppose -5*n - 4*n = -306. Calculate the remainder when 2009/119 + 4/n is divided by 5.
2
Let r(p) = -p + 7. Let v be r(7). Suppose u + 3*x + 40 + v = 0, -15 = -5*x. Let a = 90 + u. What is the remainder when a is divided by 14?
13
Let w(i) = i**3 - 7*i**2 - 2*i + 20. What is the remainder when 269 is divided by w(8)?
65
Let u(j) be the first derivative of j**2 - 5*j + 1. Suppose -w + 3*g + 3 = 2*w, -4*w + 24 = g. What is the remainder when 9 is divided by u(w)?
4
Suppose 5112 = -173*o + 191*o. What is the remainder when o is divided by 47?
2
Let u = 20 + -22. Let y be 123/6*u - -1. Let c = y + 74. Calculate the remainder when c is divided by 7.
6
Let t(y) = y**3 + 29*y**2 + 25*y + 9. What is the remainder when t(-28) is divided by 12?
9
Let d = -640 + 647. Let z be (-2)/((-2)/(-10)*-2). Suppose -2*j + v + 3 = -d, -z*j + 25 = 5*v. What is the remainder when 8 is divided by j?
3
Let i(m) = -m + 0*m**3 - m**3 + 